6 - -4)/(22/(-2123)) is divided by 98.
95
Suppose -3*w - 2*p + 25 = 0, 2*w = -p + 3*p. Calculate the remainder when 92 is divided by w.
2
Let p(l) = l**3 - 71*l**2 - 72*l + 170. What is the remainder when 317 is divided by p(72)?
147
Suppose -3*a + 1 + 11 = 0. Let h = 209 + -149. Suppose a*f - 16 = h. What is the remainder when f is divided by 7?
5
Suppose 3*o + 10 = 5*q, 16*q = 2*o + 14*q + 4. Suppose x - 40 = d, o*x - 3*d + 167 = 4*x. Calculate the remainder when x is divided by 14.
13
Suppose -2*a + 0*c + 276 = 2*c, 3*c = -5*a + 692. Suppose 5*q + 39 = a. Calculate the remainder when 38 is divided by q.
18
Let u = 26 - 26. Suppose u = -2*a - 2*a + 28. Calculate the remainder when 19 is divided by a.
5
Let n = 125 - 147. Suppose 4*m + m = 160. Let x = m + n. Calculate the remainder when 37 is divided by x.
7
Let m be -3*(1 + 2)/3 - -665. Suppose -5*c - s = -m, -s - 3 = -0*s. What is the remainder when c is divided by 34?
31
Suppose 0 = -4*g + z + 16, -2*g + 5*z + 3 - 13 = 0. Suppose 0 = x + a + 9, -4*x + 0*x + a = 11. Let j = g + x. Calculate the remainder when j is divided by 1.
0
Suppose -2*m = -d, 2*d - 6*d + 20 = 2*m. Suppose 5*c = -m*x + 46 - 5, -9 = 3*c. What is the remainder when x is divided by 15?
13
Suppose 2*a - 3*y = 134, -3*y + 42 = a - 7. Suppose 0 = -3*c + d + 4*d + a, -4*c - 2*d = -90. Calculate the remainder when 65 is divided by c.
21
Suppose -82 = 2*t - 334. Let n be -18*((-2)/(-8))/((-4)/8). Suppose -n*u + 3*u = -t. What is the remainder when 59 is divided by u?
17
Let g(t) = -t**2 - 35*t + 53. Calculate the remainder when g(-18) is divided by 7.
2
Suppose 52 = -11*u + 24*u. Suppose v = -4*f - 20, -23 - 2 = 5*f. What is the remainder when 54/(3 + 0) + v is divided by u?
2
Let j be (1/(-1))/(6/54). What is the remainder when (j - -10)/(1/85) is divided by 29?
27
Let f be 524/(-12)*-3*-5. Let u = 461 + f. What is the remainder when u/(-7) + (-8)/(-28) is divided by 10?
8
What is the remainder when 170 is divided by ((-102)/5)/((-56)/140)?
17
Let p(j) = j**3 - 4*j**2 + 5. Let a be p(4). Suppose 4*s = 2*y + 3*s - 181, -a*s = y - 85. Calculate the remainder when y is divided by 23.
21
Let n(d) = d + 2. Let h be n(-5). Let z = h + -6. What is the remainder when 76 + z/((-36)/16) is divided by 21?
17
Suppose 7*c = -4*a + 2*c + 59, 0 = -5*a + 3*c + 46. Suppose 2*g - 3*f - 161 - 37 = 0, 2*g = -f + 190. Calculate the remainder when g is divided by a.
8
Let n = -90 - -78. Let i(x) = x**2 + 10*x - 13. What is the remainder when 52 is divided by i(n)?
8
Suppose -4*z + 37 = -4*y + 3*y, 5*z - 4*y = 60. Calculate the remainder when z is divided by (2 + 1)/(15/10).
0
Let j(k) = -k**3 - k**2 + 1. Let h(b) = 7*b**3 - 8*b**2 + 13*b - 24. Let d(u) = -h(u) - 6*j(u). Calculate the remainder when 53 is divided by d(13).
17
Suppose 140 = 4*s - 4*n, n = -8*s + 12*s - 140. Calculate the remainder when s is divided by 25.
10
Suppose -l - m + 6 = -0, l - 5*m - 30 = 0. Suppose -1507 = -60*f + 1433. What is the remainder when f is divided by l?
9
Let m(w) = -w**3 - 7*w**2 + 7*w + 7. Let s(l) = l**2 + l. Let h be s(-1). Suppose 220 = 5*b - h*b. Calculate the remainder when b is divided by m(-8).
14
Suppose -14*z + 9*z + 20 = 0. Suppose 177 = z*c + 45. Calculate the remainder when c is divided by 9.
6
Let j = 245 - 145. What is the remainder when j is divided by 22?
12
Suppose b + 4*p = 34, -4*p + 17 = 3*b - 53. Let r(g) = -37*g + 1. Calculate the remainder when r(-1) is divided by b.
2
Suppose 4 + 0 = 2*x. Suppose -2*t = -x*k + 248, -2*k = 3*t - 199 - 59. Suppose 0*o = 3*o - k. Calculate the remainder when o is divided by 11.
9
Suppose 25*o - 3206 + 1006 = 0. Calculate the remainder when 1054 is divided by o.
86
Let o(l) be the second derivative of -l**4/12 - 4*l**3/3 + 5*l**2/2 + 25*l. Calculate the remainder when o(-4) is divided by 12.
9
Let w = 26 + -13. Calculate the remainder when 14 is divided by (70/(-21))/(-5)*(w - 1).
6
Let a(w) = 8*w**2 - 5*w - 1. Suppose -3*n + 10 = -2. What is the remainder when a(n) is divided by 3*-2 + (241 + -10)/7?
26
Suppose -3*m - 1504 = -2*f, -3*m + 3008 = -73*f + 77*f. Calculate the remainder when f is divided by 29.
27
Let i be (10 + -7 - -138)*(-1)/3. Let n = 55 + i. What is the remainder when 22 is divided by n?
6
Let m = -3 - -11. Suppose 6*y - m*y = 126. Calculate the remainder when (-2)/((-7)/(y/(-2))) is divided by 5.
4
What is the remainder when 41 is divided by (-6)/(-14) - 736/(-112)?
6
Let u = -1 + 6. Suppose -35 = 4*t - 111. What is the remainder when (t/2)/((-4)/(-8)) is divided by u?
4
Calculate the remainder when 37 is divided by 9/((-27)/(-32)) - 10/15.
7
Suppose 599 = 6*x - 253. What is the remainder when x is divided by 69?
4
Suppose 0 = -5*m - i + 530, -6*i - 520 = -5*m - 5*i. Let u = -63 + m. What is the remainder when u is divided by 17?
8
Let x = 2263 + -2208. Calculate the remainder when x is divided by 2 + (-1)/(1/(-28)).
25
Let v be (-4)/14 + (-132)/28. Let m(h) = h**3 + 5*h**2. Let b be m(v). Suppose b = 6*g - 9*g + 30. Calculate the remainder when 28 is divided by g.
8
Let k be (2 - (-48)/(-27)) + (-50)/(-18). Suppose -y - 4*g + 18 + 13 = 0, 2*y = -k*g + 77. Calculate the remainder when 127 is divided by y.
41
Suppose -13 = 5*z - 113. Let u = 329 + -321. Calculate the remainder when z is divided by u.
4
Suppose -9*a = -84 + 12. Calculate the remainder when 32 is divided by a.
0
Let v = 50 - 5. Suppose 3*i + 3*b - v = 0, -b - 29 = -3*i - 0*b. Calculate the remainder when 21 is divided by i.
10
Suppose 5*p - t + 90 = 4*t, -p - 4*t - 28 = 0. Let v = 12 + p. Calculate the remainder when 98 is divided by (66/v)/((-10)/40).
32
Let r = 292 - 286. Suppose 2*a + 3*k = -3*a - 21, 3*a = -k - 15. Calculate the remainder when 19 is divided by (-4)/a - (-62)/r.
8
Let v = -4 - -14. Suppose 5*j = v*j - 20. Suppose -3*q + 287 = 5*y, 6*y = j*y - 2*q + 118. What is the remainder when y is divided by 19?
17
What is the remainder when 0/1 + 91 - (5 - 6) is divided by 16?
12
Suppose -2 = 2*o + j, 56*j = 4*o + 53*j - 46. Let w(a) = -4*a + 7*a - 1 - 5. What is the remainder when w(5) is divided by o?
1
Suppose 8426 = -121*s + 132*s. What is the remainder when s is divided by 70?
66
Suppose 5*x + 90 = -0*x. Let s be (-102)/(-27) + (-4)/x. What is the remainder when s/(4/39) + -1 is divided by 13?
12
Suppose -4*i + 6 = y, 4*y - 4*i = -5*i + 9. Let b(o) = -y*o - 4 + 3*o**2 + 3*o + 0*o. What is the remainder when 101 is divided by b(3)?
23
Suppose -6*z = -j - 2*z + 22, 2*j - z = 30. Calculate the remainder when 82 is divided by j.
12
Calculate the remainder when (-2)/6*-14*(98 - -25) is divided by 48.
46
Suppose -2*c - 102 - 131 = -3*p, 2*c - p + 223 = 0. Let j = 348 + c. Calculate the remainder when j is divided by 15.
14
Let m(u) = -u**3 + 5*u - 3. Let v = 18 - 4. Let s(d) = -d**2 + 14*d - 4. Let a be s(v). Calculate the remainder when m(a) is divided by 15.
11
Suppose 339*h = 329*h + 90. Let r = -41 - 11. Let v = 86 + r. What is the remainder when v is divided by h?
7
Let i = 9 - 4. Suppose -i*g - 46 = -191. Calculate the remainder when g is divided by 10.
9
Suppose 24*g = 32*g - 232. What is the remainder when 218 is divided by g?
15
Suppose -172*s = -163*s - 63. What is the remainder when 118 is divided by s?
6
Let b(c) = 7*c - 5. Let v be (-12)/8*22/3. Let m be v + 10 + 5*1. Calculate the remainder when b(m) is divided by 13.
10
Let o(a) = -4 + 3*a + 5*a**2 - 2*a + 2*a. Let y be o(4). Let g = y + -38. What is the remainder when g is divided by 13?
11
Suppose -3*r + 72 = 2*l - 0*l, 0 = -3*r - 3*l + 72. Suppose f = -8 + 17. Calculate the remainder when r is divided by f.
6
Let i(y) = 30*y + 207. Calculate the remainder when 279 is divided by i(-4).
18
Let p = 3 - 1. Suppose p*x - 8 = -2*x. Calculate the remainder when 36 is divided by 19/(6/2 - x).
17
Let v(a) = -a**3 + a**2 + 30*a + 7. What is the remainder when 21 is divided by v(-5)?
0
Suppose -t = 4*l - 17, 8*l - 6*l + 3*t - 21 = 0. Suppose -l*x + 48 + 114 = -3*i, -2*x - i = -105. Calculate the remainder when x is divided by 5.
3
Let r = -266 - -270. What is the remainder when 30 is divided by r?
2
Let m(a) = -a**3 - 3*a**2 + 5*a + 8. Let r be m(-4). Let b(f) = 3*f**2 - 2*f - 3. What is the remainder when b(r) is divided by (-60)/(-9)*6/4?
7
Let m = -11 